 + j. Is l a composite number?
True
Let h(y) = y**3 + 12*y**2 + 25*y + 5. Let d be h(-9). Is (-2)/d + 513324/644 composite?
False
Suppose -164544 = -9*c + 1500393. Is c prime?
True
Let n(i) = 20*i - 1004. Let a be n(51). Let q be (385 + 0 + -2)*1. Suppose q = t + a. Is t a prime number?
True
Let b = 31 - 23. Let x(a) = -a + 29. Let c be x(b). Suppose 104 - c = p. Is p composite?
False
Suppose 4*q - 2*n = 54, 5*n = q + 2*n - 26. Suppose q*o - 12197 - 6272 = 0. Is o a prime number?
False
Let l(x) = 76*x**2 + 158*x - 69. Is l(-16) a composite number?
True
Let y be 0 - (-12 + (-4)/1). Is (-568)/y*1*-14 composite?
True
Suppose 5 = v - 8. Suppose -v*u + 33777 = -5782. Suppose 5*i + 2*j - u = -448, j - 1558 = -3*i. Is i a prime number?
True
Suppose -2*w + 5716 = -2612. Suppose 2*p = 6*p + 12, -5*s - 2*p = -22359. Suppose -3*g + w = -s. Is g a composite number?
False
Let s(b) = b**3 + 6*b**2 - 9*b - 13. Let c be s(-7). Is c + -2 + -11 + 231 prime?
False
Suppose -8*j - j - 126 = 0. Let y(w) be the third derivative of -w**6/120 - 3*w**5/20 - 31*w**4/24 - 35*w**3/6 - 2*w**2. Is y(j) prime?
False
Let b(k) = 2012*k**2 + 3*k - 1. Let d(x) = -2*x**3 - 13*x**2 + 12*x + 32. Let p be d(-7). Is b(p) composite?
True
Let m be 108/(-60)*10/3. Let j(h) = 175*h**2 - 5*h - 41. Is j(m) prime?
False
Let u = 242 - 1165. Let h = 1840 + u. Is h a composite number?
True
Let d(j) = 117*j**2 + 15*j - 14. Let n be d(1). Suppose 125*o = n*o + 54649. Is o a composite number?
True
Suppose 2*v - 12*q - 19 = -9*q, -q + 17 = 4*v. Let g(u) = 23*u**3 - 16*u**2 - 7*u + 27. Is g(v) composite?
False
Suppose 3*a - 171 = n, n = -0*n. Suppose -5*b + 2*r + 117 = -13, 3*b - a = -3*r. Suppose -213 = -3*h + b. Is h a composite number?
False
Let k be 10*((-28)/(-8) - 1). Suppose 81361 = k*x + 3386. Is x composite?
False
Let v(y) be the first derivative of y**4/4 - 4*y**3/3 - 2*y**2 + 8*y + 28. Let x be v(10). Let z = 1119 - x. Is z composite?
True
Let g = 74526 + 132353. Is g a prime number?
True
Suppose -x = -0*x + 3*j + 1, 5*j = 10. Let q(k) = -2*k**2 - 16*k - 14. Let p be q(x). Suppose 4*y - 2008 = -0*a - a, p = y + 3*a - 502. Is y composite?
True
Let a(t) = -t + 6. Let i be a(10). Let s be -36*(78/(-12))/(2/i). Let j = -151 - s. Is j composite?
False
Let g(k) = 4*k - 15. Let h be g(6). Suppose h*y - y - 15728 = 0. Is y prime?
False
Suppose -30 = 5*w, -3*w - 143249 = -2*f + 192047. Is f a prime number?
False
Let k(i) = -433319*i - 738. Is k(-3) a prime number?
False
Suppose 9*h - 6*h = 0. Suppose 8*x - 19037 - 17979 = h. Suppose -5*c = -15, -2*y + 5*c + 0*c + x = 0. Is y a prime number?
False
Let o(a) = 390*a**2 + 39*a - 59. Is o(-8) a prime number?
False
Suppose 118*s - 49*s - 2629659 = 0. Is s composite?
True
Suppose 4*y = 4*c - 12388, -2*c + 168*y = 173*y - 6180. Is c composite?
True
Let m = 1970 - 1169. Let n = -394 + m. Is n composite?
True
Let s = 473771 + -272982. Is s a prime number?
True
Let w(a) be the second derivative of -a**5/20 - 2*a**4/3 - 4*a**3 + 107*a**2/2 + 9*a - 1. Is w(-22) a prime number?
True
Suppose 18*p - 1350032 = -2*p + 4*p. Is p a composite number?
False
Suppose 0 = 5*s - 11 - 4. Suppose -7816 = -4*l - w, 0 = s*l + 4*w - 7257 + 1382. Suppose -j + 1209 = -3*o + 3153, -3*o + 4*j = -l. Is o a composite number?
False
Suppose 0 = -7*y - 18*y + 4239425. Is y a prime number?
False
Let t be 228*(1 - (-9)/(-36)). Suppose t*r = 187*r - 255504. Is r a prime number?
False
Suppose -2*c + 16 = 2*c. Suppose 0 = -c*w + 18 - 6. Suppose w*s - r - 910 = 2*s, -12 = -3*r. Is s a prime number?
False
Let y = -15669 + 23270. Is y composite?
True
Let h be -1*3/6*(-51 - 3). Let t be 2/(-7) - (h/(-21) - 3). Suppose t*m - a = 3*m + 646, -4*m = -5*a - 2583. Is m prime?
True
Is (-2254527)/(-33) - 8*(-2 + 3) prime?
True
Let c be 13 - (6/(-7))/(2/(-7)). Suppose 0 = c*n - 15258 - 5272. Is n a composite number?
False
Suppose 4*c = 19*c + 967110. Let o = -31391 - c. Is o prime?
True
Let n = 4655 + 4486. Suppose -r = -3*m + 13724, -r + n = -4*m + 6*m. Suppose 5*v = -4*t + 6*t + m, v + t - 909 = 0. Is v a prime number?
False
Suppose -5*d + 1612 + 9438 = 0. Suppose -8*j + d = -806. Is j prime?
False
Let r(x) be the first derivative of 560*x**3/3 - 29*x**2/2 - 88*x - 25. Is r(-3) a prime number?
True
Let i(p) = p**2 - 8*p + 10. Let g be i(5). Let v = g + 9. Suppose 0 = -v*z + 2*z + 818. Is z prime?
True
Suppose -185 = -31*f + 1. Is ((-3242)/8)/(f/(-24)) prime?
True
Suppose 0*w - 540 = -9*w. Let y = w - 70. Let u(f) = -26*f + 27. Is u(y) prime?
False
Is 1326889 - 17/(85/75) composite?
True
Let f(z) = 5*z**2 + 49*z - 5. Let q be f(-10). Suppose 1423 = -q*p + 1858. Is p prime?
False
Suppose 0 = v - o - 21, -5*v + 3*o + 47 = -3*v. Suppose 55743 = v*k - 39281. Is k composite?
False
Let d(o) = -552*o + 743. Is d(-29) a prime number?
False
Is (-1017843737)/(-10455) + 8/30 composite?
True
Suppose 5*c + 5*p = -24030, -4*p - 19184 = 4*c - 8*p. Let x = 2256 - c. Is x prime?
True
Let g = 905865 - 464980. Is g composite?
True
Let h(p) = 32*p**2 - 4*p - 4. Let y(b) = -7*b**2 + 15*b + 9 - 47*b**2 - 11*b**2 - 6*b. Let n(m) = 7*h(m) + 3*y(m). Is n(-3) a prime number?
True
Suppose -3*m - 22134 = 4*m. Let z = -678 - m. Suppose 4*j + 2920 = 4*y, -5*j + z = 4*y - 463. Is y prime?
True
Suppose 2*g + 5*q - 685329 = 0, 1027934 = 3*g + 6*q - 7*q. Is g a prime number?
True
Let x(z) = -z**2 - 13*z + 9. Let i be x(-13). Suppose -i*s + 33740 + 76024 = 0. Suppose -2*o + 2484 - s = -2*p, 5*o = 25. Is p prime?
True
Is 18614 + -1 - (14 - 4 - 14) prime?
True
Let c be (88/10)/(-4 - (-110)/25). Suppose -c*w = -18*w - 16. Suppose -2095 = w*x - 9*x. Is x composite?
False
Let f = -144 + 149. Suppose 8 = -4*r + 5*r - f*i, 0 = r + 3*i. Suppose -4*t = 4*v - 1516 - 1712, 4*v = -r*t + 2419. Is t a prime number?
True
Let y = -15231 + 77620. Is y a composite number?
True
Suppose 0 = -5*t - o + 1 - 4, 2*o = -3*t - 6. Suppose t*l = 6*l - 28134. Suppose -x - 4*p + 0*p + 953 = 0, -5*x - p + l = 0. Is x a composite number?
False
Let l = -1735914 + 2504927. Is l composite?
True
Suppose c = 5*g + 19453, -2*g + 7*g = 2*c - 38881. Suppose -3*d - x + 19448 = 0, -3*d - 5*x + 8*x + c = 0. Is d a composite number?
False
Let o = 654994 + -103613. Is o composite?
False
Let m(w) = 357*w**2 - 2*w + 14. Suppose 16*x = 24*x - 24. Is m(x) a prime number?
True
Let j(s) = 2*s - s**2 + 54 - 47 + 4*s. Let z be j(8). Is 3/(-2)*(27561/z - 1) prime?
False
Let t = -549 - -325. Let r = t + 1141. Is r prime?
False
Let q(s) = -3 + 0*s**2 + s**2 - 443*s + 444*s. Let h = 4 - -5. Is q(h) a prime number?
False
Is (1/(-14))/(10/(-38940020)) a prime number?
True
Let i(k) = -2*k**3 - 3*k**2 - 3*k - 1. Let t be i(-1). Suppose -l + t = 0, -2*y + 995 = -2*l - 177. Is y a prime number?
True
Suppose -10510*y = -10539*y + 63887. Is y composite?
False
Suppose -u = 15 - 14. Let v be u + 0 - (-3 - -4)*-287. Let s = 477 - v. Is s prime?
True
Is -4*(-18413 - (7 + -11)) + 3 prime?
False
Let f(m) = 74*m**2 - 5*m - 2. Is f(-3) a composite number?
True
Suppose -3*i = 4*a + 8, -i - 21 = -0*i + 5*a. Suppose -4*x + 24988 = 2*q, -i*x + 17214 = -2*q - 7758. Is x prime?
False
Is ((-2)/(-10))/(27 + (-1923208)/71230) a prime number?
False
Is (-258008)/10*(-75)/60 prime?
True
Let s = 626768 - 372082. Is s a prime number?
False
Let f(q) = -6*q - 166. Let x be f(-27). Is -3 + (x - -5 - -4011) prime?
False
Suppose -132*l + f - 218760 = -137*l, -4*f - 87482 = -2*l. Is l a composite number?
True
Suppose 4*x - 99 = -67. Is ((-3694)/x)/(1/(-4)) a prime number?
True
Let m(n) = 22*n**2 - 55*n + 1077. Is m(26) a prime number?
True
Let s be (294/28)/((-6)/176720). Is 5 - s/30 - (-4)/(-6) a prime number?
True
Let a(t) = 2*t**3 - 4*t**2 + t - 7. Suppose 2*z + 3*f + 0 = 17, -z = 4*f + 4. Suppose -z*p + 24 = -12*p. Is a(p) a composite number?
True
Let b = 636 + -282. Suppose -6*o = 128 + 40. Let f = b - o. Is f a composite number?
True
Let k = 17278 - 9612. Is k a prime number?
False
Is 21/(-70) + 251034864/480 a prime number?
True
Let m be (4/1 - 3)*24. Suppose 5*j - 2*j = m. Suppose 8*w - j = 6800. Is w a prime number?
False
Let c = 14 - 11. Suppose -377 - 256 = -c*g. Suppose -2*o - g = -3*o. Is o a composite number?
False
Let b(p) = 3666*p**2 + 147*p + 110. Is b(11) composite?
True
Is 155255*8*14/560 a composite num